{"id":288,"date":"2021-05-04T15:43:42","date_gmt":"2021-05-04T13:43:42","guid":{"rendered":"https:\/\/huettermannsa.de\/?page_id=288"},"modified":"2024-11-06T02:40:46","modified_gmt":"2024-11-06T01:40:46","slug":"wir-ueber-uns","status":"publish","type":"page","link":"https:\/\/huettermannsa.de\/","title":{"rendered":"Wir \u00fcber uns"},"content":{"rendered":"\n<figure class=\"wp-block-image size-full is-style-default\" id=\"wirueberuns\"><img loading=\"lazy\" decoding=\"async\" width=\"1919\" height=\"467\" src=\"https:\/\/huettermannsa.de\/wp-content\/uploads\/2021\/04\/header_verkleinertV2.png\" alt=\"\" class=\"wp-image-231\" srcset=\"https:\/\/huettermannsa.de\/wp-content\/uploads\/2021\/04\/header_verkleinertV2.png 1919w, https:\/\/huettermannsa.de\/wp-content\/uploads\/2021\/04\/header_verkleinertV2-300x73.png 300w, https:\/\/huettermannsa.de\/wp-content\/uploads\/2021\/04\/header_verkleinertV2-1024x249.png 1024w, https:\/\/huettermannsa.de\/wp-content\/uploads\/2021\/04\/header_verkleinertV2-768x187.png 768w, https:\/\/huettermannsa.de\/wp-content\/uploads\/2021\/04\/header_verkleinertV2-1536x374.png 1536w\" sizes=\"auto, (max-width: 1919px) 100vw, 1919px\" \/><\/figure>\n\n\n\n<div class=\"wp-block-columns is-layout-flex wp-container-core-columns-is-layout-28f84493 wp-block-columns-is-layout-flex\">\n<div class=\"wp-block-column is-layout-flow wp-block-column-is-layout-flow\" style=\"flex-basis:75%\">\n<p class=\"has-drop-cap\"><strong>W<\/strong>ir sind seit 25 Jahren als Marketing-&nbsp;und Vertriebsagentur f\u00fcr den Naturkost-&nbsp;und Naturwarenfachhandel t\u00e4tig. Unsere langj\u00e4hrigen Kontakte und Erfahrungen erm\u00f6glichen uns, die Marktposition unserer Auftraggeber deutlich zu verbessern.&nbsp;<br><br>Unsere Datenbank beherbergt neben Herstellern biozertifizierter Produkte alle deutschen Gro\u00df-&nbsp;und Einzelh\u00e4ndler mit ihren jeweiligen Ansprechpartnern. Wir verstehen uns als Bindeglied zwischen Herstellern, dem Gro\u00dfhandel, Fachgesch\u00e4ften und Endverbrauchern.&nbsp;<br><\/p>\n\n\n\n<p>Unser Team besteht aus 6 Mitarbeitern, die ihr Fachwissen und ihr rhetorisches Verkaufsgeschick tatkr\u00e4ftig f\u00fcr unsere Auftraggeber einsetzen. Dabei setzen wir gezielt und bewusst auf unseren umweltfreundlichen CO2-Aussto\u00df-freien Telefon-Au\u00dfendienst, der vorzeigbare Ergebnisse erzielt und offen angenommen wird. Als familienfreundliches Unternehmen&nbsp;unterst\u00fctzen wir zudem unsere MitarbeiterInnen, und m\u00f6chten mit flexiblen Arbeitszeiten&nbsp;die Vereinbarkeit von Kind und Beruf erleichtern.<br><\/p>\n<\/div>\n\n\n\n<div class=\"wp-block-column is-layout-flow wp-block-column-is-layout-flow\">\n<p class=\"has-text-align-right\"><strong>Agentur H\u00fcttermann<\/strong><br><br>Marion H\u00fcttermann<br>Krengelstra\u00dfe 55<br>46539 Dinslaken<br>Tel: +49 2064 479064<br>FAX: +49 2064 479066<\/p>\n\n\n\n<figure class=\"wp-block-image alignright size-full is-style-default\"><a href=\"https:\/\/huettermannsa.de\/wp-content\/uploads\/2024\/11\/agentur-huettermann.pdf\"><img loading=\"lazy\" decoding=\"async\" width=\"221\" height=\"44\" src=\"https:\/\/huettermannsa.de\/wp-content\/uploads\/2022\/01\/Download_Button_DuennerV2-e1643330254944.png\" alt=\"\" class=\"wp-image-470\"\/><\/a><\/figure>\n\n\n\n<figure class=\"wp-block-image alignright size-full is-resized is-style-default\"><a href=\"https:\/\/huettermannsa.de\/wp-content\/uploads\/2024\/11\/agentur-huettermann-englisch.pdf\"><img loading=\"lazy\" decoding=\"async\" width=\"223\" height=\"44\" src=\"https:\/\/huettermannsa.de\/wp-content\/uploads\/2022\/01\/Download_Button_Duenner_englisch-e1643330302665.png\" alt=\"\" class=\"wp-image-469\" style=\"width:223px;height:auto\"\/><\/a><\/figure>\n<\/div>\n<\/div>\n\n\n\n<div class=\"wp-block-columns is-layout-flex wp-container-core-columns-is-layout-28f84493 wp-block-columns-is-layout-flex\">\n<div class=\"wp-block-column is-layout-flow wp-block-column-is-layout-flow\"><\/div>\n\n\n\n<div class=\"wp-block-column is-layout-flow wp-block-column-is-layout-flow\"><\/div>\n<\/div>\n\n\n\n<div style=\"height:11px\" aria-hidden=\"true\" id=\"ankerDienstleistungen\" class=\"wp-block-spacer\"><\/div>\n\n\n\n<h2 class=\"wp-block-heading\" id=\"dienstleistungen\">Leistungen<\/h2>\n\n\n\n<figure class=\"wp-block-image size-full is-resized is-style-default\"><img loading=\"lazy\" decoding=\"async\" width=\"1920\" height=\"617\" src=\"https:\/\/huettermannsa.de\/wp-content\/uploads\/2021\/05\/schreibtisch.png\" alt=\"\" class=\"wp-image-378\" style=\"width:582px;height:188px\" srcset=\"https:\/\/huettermannsa.de\/wp-content\/uploads\/2021\/05\/schreibtisch.png 1920w, https:\/\/huettermannsa.de\/wp-content\/uploads\/2021\/05\/schreibtisch-300x96.png 300w, https:\/\/huettermannsa.de\/wp-content\/uploads\/2021\/05\/schreibtisch-1024x329.png 1024w, https:\/\/huettermannsa.de\/wp-content\/uploads\/2021\/05\/schreibtisch-768x247.png 768w, https:\/\/huettermannsa.de\/wp-content\/uploads\/2021\/05\/schreibtisch-1536x494.png 1536w\" sizes=\"auto, (max-width: 1920px) 100vw, 1920px\" \/><\/figure>\n\n\n\n<ul class=\"wp-block-list\">\n<li>Repr\u00e4sentative Vertretung des Herstellers bei allen relevanten Kundengruppen<\/li>\n\n\n\n<li>Regelm\u00e4\u00dfige Besuche des Bio-Gro\u00dfhandels und der Handelsgesellschaften, um Hersteller und ihre Produkte professionell und souver\u00e4n zu pr\u00e4sentieren<\/li>\n\n\n\n<li>Kontinuierliche Neukundenakquise<\/li>\n\n\n\n<li>Telefonvertrieb (professionelle Planung und Durchf\u00fchrung von Telefonaktionen zur Umsatzsteigerung mit anschl. Qualit\u00e4tskontrolle)<\/li>\n\n\n\n<li>Kundenbefragungen<\/li>\n\n\n\n<li>Begleitung von Produkt-Neueinf\u00fchrungen (Rabattaktionen etc.)<\/li>\n\n\n\n<li>Dauerhafte telefonische Kundenbetreuung, Beratung und Bestellannahme<\/li>\n\n\n\n<li>Versand von Warenproben und Prospektmaterial<\/li>\n\n\n\n<li>Planung und Durchf\u00fchrung von Bio-Fachmessen<\/li>\n\n\n\n<li>Standdienst auf Messen durch geschultes und repr\u00e4sentatives Personal<\/li>\n\n\n\n<li>Berichterstattung und Dokumentation f\u00fcr den Auftraggeber<\/li>\n\n\n\n<li>Beratung im Naturkostfachhandel<\/li>\n\n\n\n<li>Marktanalyse<\/li>\n\n\n\n<li>oekobonus Partneragentur<\/li>\n<\/ul>\n\n\n\n<div style=\"height:60px\" aria-hidden=\"true\" id=\"ankerOekobonus\" class=\"wp-block-spacer\"><\/div>\n\n\n\n<h2 class=\"wp-block-heading\">oekobonus- das Bonusprogramm f\u00fcr Nachhaltigkeit<\/h2>\n\n\n\n<figure class=\"wp-block-image size-full is-resized\"><img loading=\"lazy\" decoding=\"async\" width=\"720\" height=\"450\" src=\"https:\/\/huettermannsa.de\/wp-content\/uploads\/2024\/11\/Oekobonus.png\" alt=\"\" class=\"wp-image-720\" style=\"width:552px;height:auto\" srcset=\"https:\/\/huettermannsa.de\/wp-content\/uploads\/2024\/11\/Oekobonus.png 720w, https:\/\/huettermannsa.de\/wp-content\/uploads\/2024\/11\/Oekobonus-300x188.png 300w\" sizes=\"auto, (max-width: 720px) 100vw, 720px\" \/><\/figure>\n\n\n\n<p><strong>Schw\u00e4rmen Sie mit und werden Sie Partner unserer Community<\/strong><\/p>\n\n\n\n<p>Mit oekobonus nehmen Sie nicht nur an einem Bonusprogramm teil \u2013 Sie werden Teil einer Wertegemeinschaft, einer Community, die mit ihrem umwelt- und ressourcenschonenden Lebensstil einen nachhaltigen Unterschied macht.<\/p>\n\n\n\n<p>Mit dem Konzept \u201emein Laden\u201c unterst\u00fctzen wir oekobonus Partner, die das nachhaltige Kaufverhalten Ihrer Kund:innen belohnen m\u00f6chten.<\/p>\n\n\n\n<p>Was oekobonus f\u00fcr Ihr Gesch\u00e4ft tun kann und weitere Informationen finden Sie hier: <a href=\"https:\/\/www.oekobonus.de\/partner-werden\/\">https:\/\/www.oekobonus.de\/partner-werden\/<\/a><\/p>\n\n\n\n<p>M\u00f6chten Sie neuer oekobonus-Partner werden oder das Programm unverbindlich kennenlernen?<\/p>\n\n\n\n<p>Dann <strong><a href=\"#ankerKontakt\">kontaktieren Sie uns<\/a><\/strong> und wir zeigen in einem kurzen und pers\u00f6nlichen Videocall, wie Sie von oekobonus profitieren k\u00f6nnen.<\/p>\n\n\n\n<div style=\"height:70px\" aria-hidden=\"true\" id=\"ankerKontakt\" class=\"wp-block-spacer\"><\/div>\n\n\n\n<h2 class=\"wp-block-heading\" id=\"kontakt\">Kontakt<\/h2>\n\n\n\n<figure class=\"wp-block-image size-large is-resized is-style-default\"><img loading=\"lazy\" decoding=\"async\" width=\"1024\" height=\"294\" src=\"https:\/\/huettermannsa.de\/wp-content\/uploads\/2021\/05\/contact-us-1908763_1920-1024x294.png\" alt=\"\" class=\"wp-image-333\" style=\"width:342px;height:100px\" srcset=\"https:\/\/huettermannsa.de\/wp-content\/uploads\/2021\/05\/contact-us-1908763_1920-1024x294.png 1024w, https:\/\/huettermannsa.de\/wp-content\/uploads\/2021\/05\/contact-us-1908763_1920-300x86.png 300w, https:\/\/huettermannsa.de\/wp-content\/uploads\/2021\/05\/contact-us-1908763_1920-768x220.png 768w, https:\/\/huettermannsa.de\/wp-content\/uploads\/2021\/05\/contact-us-1908763_1920-1536x441.png 1536w, https:\/\/huettermannsa.de\/wp-content\/uploads\/2021\/05\/contact-us-1908763_1920.png 1920w\" sizes=\"auto, (max-width: 1024px) 100vw, 1024px\" \/><\/figure>\n\n\n\n<div class=\"wp-block-columns is-layout-flex wp-container-core-columns-is-layout-28f84493 wp-block-columns-is-layout-flex\">\n<div class=\"wp-block-column is-layout-flow wp-block-column-is-layout-flow\"><div class=\"wpforms-container wpforms-container-full wpforms-block wpforms-block-ed3f01e4-1dc0-43e8-aab8-2c476499d18d\" id=\"wpforms-128\"><form id=\"wpforms-form-128\" class=\"wpforms-validate wpforms-form\" data-formid=\"128\" method=\"post\" enctype=\"multipart\/form-data\" action=\"\/index.php\/wp-json\/wp\/v2\/pages\/288\" data-token=\"6404eef36594c7bc09eacdf9d8d27b9e\" data-token-time=\"1776696679\"><noscript class=\"wpforms-error-noscript\">Bitte aktivieren Sie JavaScript in Ihrem Browser, um dieses Formular fertigzustellen.<\/noscript><div class=\"wpforms-field-container\"><div id=\"wpforms-128-field_5-container\" class=\"wpforms-field wpforms-field-name\" data-field-id=\"5\"><label class=\"wpforms-field-label\" for=\"wpforms-128-field_5\">Ihr Name <span class=\"wpforms-required-label\">*<\/span><\/label><input type=\"text\" id=\"wpforms-128-field_5\" class=\"wpforms-field-medium wpforms-field-required\" name=\"wpforms[fields][5]\" required><\/div><div id=\"wpforms-128-field_4-container\" class=\"wpforms-field wpforms-field-email\" data-field-id=\"4\"><label class=\"wpforms-field-label\" for=\"wpforms-128-field_4\">Ihre Email-Adresse <span class=\"wpforms-required-label\">*<\/span><\/label><input type=\"email\" id=\"wpforms-128-field_4\" class=\"wpforms-field-medium wpforms-field-required\" name=\"wpforms[fields][4]\" spellcheck=\"false\" required><\/div><div id=\"wpforms-128-field_9-container\" class=\"wpforms-field wpforms-field-text\" data-field-id=\"9\"><label class=\"wpforms-field-label\" for=\"wpforms-128-field_9\">Betreff:<\/label><input type=\"text\" id=\"wpforms-128-field_9\" class=\"wpforms-field-medium\" name=\"wpforms[fields][9]\" ><\/div><div id=\"wpforms-128-field_6-container\" class=\"wpforms-field wpforms-field-textarea\" data-field-id=\"6\"><label class=\"wpforms-field-label\" for=\"wpforms-128-field_6\">Nachricht:<\/label><textarea id=\"wpforms-128-field_6\" class=\"wpforms-field-medium\" name=\"wpforms[fields][6]\" ><\/textarea><\/div><\/div><!-- .wpforms-field-container --><div class=\"wpforms-recaptcha-container wpforms-is-recaptcha wpforms-is-recaptcha-type-v2\" ><div class=\"g-recaptcha\" data-sitekey=\"6Lea5sQbAAAAAJxOy0_uIyZXa_J8gyl60IeyI28p\"><\/div><input type=\"text\" name=\"g-recaptcha-hidden\" class=\"wpforms-recaptcha-hidden\" style=\"position:absolute!important;clip:rect(0,0,0,0)!important;height:1px!important;width:1px!important;border:0!important;overflow:hidden!important;padding:0!important;margin:0!important;\" data-rule-recaptcha=\"1\"><\/div><div class=\"wpforms-submit-container\" ><input type=\"hidden\" name=\"wpforms[id]\" value=\"128\"><input type=\"hidden\" name=\"page_title\" value=\"\"><input type=\"hidden\" name=\"page_url\" value=\"https:\/\/huettermannsa.de\/index.php\/wp-json\/wp\/v2\/pages\/288\"><input type=\"hidden\" name=\"url_referer\" value=\"\"><button type=\"submit\" name=\"wpforms[submit]\" id=\"wpforms-submit-128\" class=\"wpforms-submit\" data-alt-text=\"Sende...\" data-submit-text=\"Senden\" aria-live=\"assertive\" value=\"wpforms-submit\">Senden<\/button><\/div><input type=\"hidden\" id=\"ct_checkjs_wpforms_4c56ff4ce4aaf9573aa5dff913df997a\" name=\"ct_checkjs_wpforms\" value=\"0\" \/><script>setTimeout(function(){var ct_input_name = \"ct_checkjs_wpforms_4c56ff4ce4aaf9573aa5dff913df997a\";if (document.getElementById(ct_input_name) !== null) {var ct_input_value = document.getElementById(ct_input_name).value;document.getElementById(ct_input_name).value = document.getElementById(ct_input_name).value.replace(ct_input_value, '32213311');}}, 1000);<\/script><input\n                    class=\"apbct_special_field apbct_email_id__wp_wpforms\"\n                    name=\"apbct__email_id__wp_wpforms\"\n                    aria-label=\"apbct__label_id__wp_wpforms\"\n                    type=\"text\" size=\"30\" maxlength=\"200\" autocomplete=\"off\"\n                    value=\"\"\n                \/><\/form><\/div>  <!-- .wpforms-container --><\/div>\n\n\n\n<div class=\"wp-block-column is-layout-flow wp-block-column-is-layout-flow\"><\/div>\n<\/div>\n\n\n\n<p><\/p>\n","protected":false},"excerpt":{"rendered":"<p>Wir sind seit 25 Jahren als Marketing-&nbsp;und Vertriebsagentur f\u00fcr den Naturkost-&nbsp;und Naturwarenfachhandel t\u00e4tig. Unsere langj\u00e4hrigen Kontakte und Erfahrungen erm\u00f6glichen uns, die Marktposition unserer Auftraggeber deutlich zu verbessern.&nbsp; Unsere Datenbank beherbergt neben Herstellern biozertifizierter Produkte alle deutschen Gro\u00df-&nbsp;und Einzelh\u00e4ndler mit ihren jeweiligen Ansprechpartnern. Wir verstehen uns als Bindeglied zwischen Herstellern, dem Gro\u00dfhandel, Fachgesch\u00e4ften und Endverbrauchern.&nbsp; Unser [&hellip;]<\/p>\n","protected":false},"author":1,"featured_media":0,"parent":0,"menu_order":0,"comment_status":"closed","ping_status":"closed","template":"","meta":{"footnotes":""},"class_list":["post-288","page","type-page","status-publish","hentry"],"blocksy_meta":{"styles_descriptor":{"styles":{"desktop":"","tablet":"","mobile":""},"google_fonts":[]}},"_links":{"self":[{"href":"https:\/\/huettermannsa.de\/index.php\/wp-json\/wp\/v2\/pages\/288","targetHints":{"allow":["GET"]}}],"collection":[{"href":"https:\/\/huettermannsa.de\/index.php\/wp-json\/wp\/v2\/pages"}],"about":[{"href":"https:\/\/huettermannsa.de\/index.php\/wp-json\/wp\/v2\/types\/page"}],"author":[{"embeddable":true,"href":"https:\/\/huettermannsa.de\/index.php\/wp-json\/wp\/v2\/users\/1"}],"replies":[{"embeddable":true,"href":"https:\/\/huettermannsa.de\/index.php\/wp-json\/wp\/v2\/comments?post=288"}],"version-history":[{"count":163,"href":"https:\/\/huettermannsa.de\/index.php\/wp-json\/wp\/v2\/pages\/288\/revisions"}],"predecessor-version":[{"id":731,"href":"https:\/\/huettermannsa.de\/index.php\/wp-json\/wp\/v2\/pages\/288\/revisions\/731"}],"wp:attachment":[{"href":"https:\/\/huettermannsa.de\/index.php\/wp-json\/wp\/v2\/media?parent=288"}],"curies":[{"name":"wp","href":"https:\/\/api.w.org\/{rel}","templated":true}]}}